4 - 1/2*c**2. Calculate n(1).
8
Let d(i) be the third derivative of 1/24*i**4 + 0*i**3 - 8*i**2 + 0 + 0*i. Let v(w) = w**2 - 8*w + 5. Let u(h) = -3*d(h) - v(h). Calculate u(5).
-5
Let i(f) = -6*f - 2 - 2 - 7 + 9*f - f. What is i(7)?
3
Let w(t) = -t**2 - t - 1. Let b = -14 - -17. Suppose 2 = b*q - 10. Suppose 0 = 9*s - q*s. Calculate w(s).
-1
Suppose 5*u = -3*u - u. Let r(q) be the second derivative of u - 6*q + 1/12*q**4 + 0*q**3 + 7/2*q**2. Calculate r(0).
7
Let p(d) be the second derivative of d**3/6 - 9*d**2/2 - 110*d. Suppose q + 9 = -3*m - m, 5*q = -5*m + 15. What is p(q)?
-2
Suppose 60 = 6*j - 48. Let d be -3 - 5/(15/j). Let p(g) = g + 4. What is p(d)?
-5
Let w(p) = -5*p**2 + 6*p + 2. Let t(c) = -c**2 + 1. Let h(n) = -4*t(n) + w(n). Suppose 40 = -3*x - x. Let j be x/(0/(-1) + -2). Determine h(j).
3
Suppose -44*v + 47*v - 27 = 0. Let q(t) = t**3 - 10*t**2 + 7*t + 12. What is q(v)?
-6
Let j(k) = -k - k**3 - 5*k**3 - k**2 - 5*k**3. Let s(f) be the second derivative of f**4/6 + 4*f**3/3 + 7*f**2/2 + 33*f. Let p be s(-2). Calculate j(p).
11
Let n(b) = 48*b**3 - 6*b**2 - 20*b + 10. Let q(o) = 32*o**3 - 4*o**2 - 13*o + 6. Let g(m) = -5*n(m) + 8*q(m). Calculate g(-1).
-16
Let l(v) = -v - 4. Suppose -9 = -3*q, 7*x - 9*x - 4*q + 18 = 0. Give l(x).
-7
Let m be ((-54)/(-24))/((-1)/(-24)). Let d be 150/m + (-4)/(-18). Let z(s) = 1 + d + 5 + s - 2. Give z(-5).
2
Let l = 38 + -33. Let j(f) = f - 7*f + l*f. Suppose 2 + 4 = 2*w. What is j(w)?
-3
Let h(l) be the third derivative of -l**6/120 + l**5/15 + 3*l**4/8 - l**3 - 45*l**2. Determine h(6).
-24
Let v be ((-5)/3)/((-2)/6). Let l(s) be the second derivative of s**4/12 - 5*s**3/6 - 3*s**2 - 11*s. Give l(v).
-6
Suppose w - 2*w - 4*n = 20, 0 = -4*w - 4*n - 56. Let p(x) = x**3 + 13*x**2 + 12*x - 10. Give p(w).
-10
Let g(a) = -3*a - 4. Let y = -30 + 29. Let p = y - -4. What is g(p)?
-13
Let u(b) = -b**2 + 6*b - 5. Suppose -5 = -2*o - 13. Let x be (10/o)/(8/(-16)). What is u(x)?
0
Let q(b) = b**2 + 2*b - 1. Let f = 197 + -201. Give q(f).
7
Let p = 16 - 14. Suppose 4*v - 36 = -p*v. Let m(f) = -3 - 3 + 4 - v*f. Determine m(-2).
10
Suppose -5*k + 10 = -5*i, -k + 3 = 2*i + 4. Let j be -4 + k + 0/(-9). Let r(c) = -c - 5. Determine r(j).
-2
Let c(g) be the second derivative of -4*g**5/5 + g**4/6 - g**3/3 + g**2/2 + 25*g - 1. Let x be (5 - 6) + (1 - -1). Give c(x).
-15
Let b(d) = 4 - 10*d - 5*d**2 + 8 + 6*d**2 - 2*d**2. Determine b(-11).
1
Let r(j) be the second derivative of -j**3/6 + 36*j. Calculate r(-2).
2
Let w(z) = -z**3 + 11*z**2 - 19*z + 8. Let y be w(9). Let p(x) = x - 1. Let j(r) = -8*r + 4. Let s(q) = y*j(q) - 6*p(q). Give s(-3).
-4
Suppose 5*u + o - 21 = 0, -u - 6*o = -2*o + 11. Suppose -j - v = -0*v - 6, -5*j + 2*v + 2 = 0. Let h(l) = 6 - 2*l**j + 5 - 5 + 6*l + l**2. Determine h(u).
11
Let w(i) be the second derivative of -3*i**4/8 + i**3/3 + 14*i**2 - 17*i. Let f(p) be the first derivative of w(p). Give f(3).
-25
Suppose 10*m - m = 36. Let k(x) be the second derivative of -x**3/6 - 2*x. Give k(m).
-4
Let o(w) be the third derivative of -w**4/24 + 7*w**3/3 - 148*w**2. What is o(12)?
2
Let s(y) = -3*y**2 + 8*y - 3. Let t be s(3). Let u be 0 + 2/t*0. Let c(b) = b**2 + b + 5. Calculate c(u).
5
Let q(u) = -3*u**2 - u. Let l = 9 + -7. Suppose -l = t - 3. Determine q(t).
-4
Suppose 0 = -g - 3*g + 12. Let c(m) = -g - 4 + 3 - 3 - m. Determine c(0).
-7
Let j = 24 - 14. Let f be 4/j + (-12)/5. Let o be (-1 - 2 - f) + -4. Let s(v) = v**2 + 2*v - 7. Determine s(o).
8
Let w(r) = r**2 + 1. Let x(q) = 3*q**2 + 2*q - 3. Suppose 6*u - 10*u = 8. Let b(a) = u*w(a) + x(a). What is b(-6)?
19
Let j(s) = s**2 - 8*s - 3. Let x(v) = -12*v + 5. Let a be x(3). Let c = 39 + a. Calculate j(c).
-3
Let v(x) = x**2 + 2. Let q(s) = -s**2 - 11*s - 6. Let g be q(-12). Let b be 118/(-12) - (-3)/g. Let w be (b - -1)*(-2)/(-6). Determine v(w).
11
Let h be -2 + -5 + (-9 - -17). Let x(c) = -38*c**3 - c**2. Determine x(h).
-39
Let t(y) = -7 - 3*y + y + y. Let j = -37 - -30. Calculate t(j).
0
Suppose -9*c + 8*c + 12 = -4*r, 3*r + 10 = c. Let s(z) be the first derivative of 1/2*z**2 - 6 - c*z. Determine s(6).
2
Let i(s) = 3*s**2 - 5*s + 5. Let y be i(2). Let x(m) = -y*m - 2*m + 4*m - 11 + 4*m. Let b be x(-8). Let h(q) = q + 3. Give h(b).
0
Suppose 1578*q + 10 = 1568*q. Let c(j) = 47*j - 1. What is c(q)?
-48
Let h(n) = n. Let o(f) = -4*f - 2. Let t(p) = -6*h(p) - 2*o(p). What is t(0)?
4
Let s(v) = v**3 - 7*v**2 + v - 9. Let x be s(7). Let c(q) be the second derivative of -7*q**3/6 - 3*q**2/2 - 2*q. Give c(x).
11
Let o(w) = w + 1. Let a(b) = 3*b + 3. Let l(y) = a(y) - 2*o(y). Suppose 4 + 18 = -2*h. Let m(n) = -n**3 - 11*n**2 + n + 14. Let t be m(h). Calculate l(t).
4
Let k(y) = y**3 + 11*y**2 + 18*y + 7. Let x be k(-9). Let c(v) = -17 - 16 - x - 12*v**3 + 39. What is c(-1)?
11
Let w(k) = -8*k + 20. Let o = 88 + -84. Let g(i) = 3*i - 7. Let a(h) = o*w(h) + 11*g(h). Determine a(-2).
1
Let v(o) = -o**3 - 3*o**2 + 3*o. Let m = 28 + -10. Suppose -4*n + m = -4*s - 10, -4*s - 4 = 4*n. Let q be v(s). Let w(b) = b**2 - 2*b - 4. Determine w(q).
4
Let s(m) = -6*m + 3 + 63*m**2 + 70*m**2 + 63*m**2 - 197*m**2. Give s(-3).
12
Let b(s) = -2*s**2 - 2*s - 2. Let h(w) = w**2 + w + 1. Let z(c) = 2*b(c) + 3*h(c). What is z(-4)?
-13
Let i(s) be the first derivative of 1/2*s**2 + 4*s - 1. Determine i(-6).
-2
Suppose 13 = 2*w + 5*s, -3*s = -5*w - 5*s + 22. Let a(g) = -g**3 - 5*g + 4*g**2 - w*g + 13*g + g - 6. Suppose n = 3*n - 10. Calculate a(n).
-6
Suppose 58*c + 219 = 45. Let m(i) = -4*i**2 - 5*i - 7. Determine m(c).
-28
Let q(u) = u**3 - 6*u**2 - 5*u - 9. Let v be 99/9 + 7/((-14)/8). What is q(v)?
5
Let v(b) be the third derivative of -b**4/8 + 25*b**3/6 - 537*b**2. Calculate v(8).
1
Let h(a) be the second derivative of -1/6*a**3 + 5*a + 1 + 1/12*a**4 + 5/2*a**2. Determine h(4).
17
Let b(f) = -3 - 16*f - 3*f - 7*f + 34*f. Calculate b(-3).
-27
Let n be 3/(10/(-6)*(-39)/390). Let f(z) = -z**2 + 19*z - 21. Calculate f(n).
-3
Let z(g) = 5*g - 23 - 3*g - 15 - 18 + 55. Give z(-3).
-7
Let u = 214 + -211. Let m(z) = z**2 + 4*z - 4. Give m(u).
17
Suppose 5*i - 3*m = 69, 2*m - 30 = -2*i + 4*m. Suppose 2*j - 2 = 2, i = 2*u + 3*j. Let p(z) = 0*z - z**3 + z + 2*z**3 + 0*z - 4 - u*z**2. Give p(3).
-1
Let a be 48/(-36)*(-18)/8. Let k(d) = 6 - a*d - d + 2*d + 0*d. What is k(5)?
-4
Let f(w) = -22*w - 13. Let i(c) = 5*c + 3. Let m(h) = -2*f(h) - 9*i(h). Calculate m(2).
-3
Let o(y) = y**3 - 4*y**2 - 13*y + 4. Let a be o(6). Let q(s) = -7*s**2 - 2. Calculate q(a).
-30
Let k(m) = 420*m**2 + 4*m - m**3 + 2 - 417*m**2 + 3 - 1. Determine k(4).
4
Let m(y) = y**3 - 2*y**2. Suppose -2*b + 108 = 7*b. Suppose -50*k + 54*k = b. What is m(k)?
9
Let h be 4/26 - (-7)/(273/111). Let i(n) = -n**3 + n**2 + 5*n - 4. Determine i(h).
-7
Let h(g) = -g + 0 - 2 + 0*g. Let p(o) = -5*o - 8. Let d = -3 - -1. Let r be p(d). Give h(r).
-4
Let b(t) = -31 + 86 - 27 - 2*t - 26. What is b(-3)?
8
Let b(o) = o**3 - 4*o**2 - 5*o - 7. Suppose 0 = -12*i + 18*i - 30. Calculate b(i).
-7
Let y(d) = d**2 + d - 2. Let w(j) = -2*j**2 - 3*j - 4. Let l(q) = w(q) + 3*y(q). Determine l(0).
-10
Let z(o) = 4*o + 33. Let w = -653 - -644. Calculate z(w).
-3
Let a = 7 + -7. Suppose a = -0*p - 3*p - 9. Let d(i) = i**3 + i**2 - 3*i + 1. What is d(p)?
-8
Let p(x) be the second derivative of x**5/10 - x**4/6 - x**3/3 - 3*x**2/2 - 2*x. Let o(a) = a**3. Let h(z) = 3*o(z) - p(z). Suppose -2*d = -2 + 8. What is h(d)?
-12
Let f(j) = 33*j - 106*j - 24 + 40*j + 36*j. What is f(9)?
3
Let u(s) = s**3 + s**2 - 2. Let f = 50 + -34. Let q = f + -24. Let o be (-4)/q*2 - 3. Calculate u(o).
-6
Let r(x) = -2*x**3 - 13*x**2 + 20*x - 25. Let z be r(-8). Let v(k) be the third derivative of -k**5/60 + k**4/4 + 5*k**3/3 + k**2. What is v(z)?
3
Let k = 507 - 493. Let o(y) = -y - 4. Calculate o(k).
-18
Let r = 1 + 1. Suppose h - 5*j - 22 = 0, -h = -0*j + r*j - 1. Let g(m) = m**3 - 4*m**2 + 2*m + 8*m - h - 14*m. Give g(5).
-2
Suppose -2*y - 7 = n, 17*n - 16*n - y = 5. Let f(h) = -h + 1. Let x(u) = 6*u - 15. Let g(v) = -30*f(v) - 2*x(v). Calculate g(n).
18
Suppose -9*l + 10*l - 9 = k, 0 = l + 4*k - 14. Let i(g) = g**3 - 11*g**2 + 11*g - 5. What is i(l)?
5
Let o(r) = 1 - 1 + 7 + 4*r - r. Suppose 271*l + 10 = 269*l. Determine o(l).
-8
Let k(a) = -6*a**2 - 2*a +